. What is the tens digit of x?
8
Let c(n) = 28*n - 50. Let o(k) = -14*k + 25. Let j(i) = -3*c(i) - 7*o(i). Let v be j(12). Let l = v - 26. What is the hundreds digit of l?
1
Let z be 60/105 - (-87254)/14. Suppose -3419 = -19*b + z. What is the hundreds digit of b?
5
Let n = 40 + -36. Suppose 3*y - 1413 = 3*p, n*y - 1437 = y - 3*p. What is the tens digit of y?
7
Let t(w) = 22*w + 19*w**3 + 14*w**2 + 2*w + 2 - 18*w**3. Let f be t(-12). What is the units digit of 0 + 143 - (2/f - 2)?
4
Let z(v) = -4573*v - 6967. What is the ten thousands digit of z(-9)?
3
Let d(q) be the second derivative of 16*q**3 - 31*q**2 - 20*q - 5. What is the units digit of d(11)?
4
Let u = 1160 + -783. Let m = u + -195. What is the tens digit of m?
8
Let u = 34 + -26. Suppose -1 = u*h - 57. Suppose 0 = h*r - 6*r - 45. What is the tens digit of r?
4
Let d(y) = 27*y - 1. Let q(m) = -m**3 - 16*m**2 - 15*m + 3. Let p = -12 + -3. Let h be q(p). What is the tens digit of d(h)?
8
Suppose -2*d = 6*d - 32. What is the hundreds digit of 12/14*7/d*200?
3
Suppose -200 = 2*u - 754. Suppose -3864 = -23*j + 943. Suppose 0 = -3*i - f - 3*f + j, u = 4*i + 5*f. What is the units digit of i?
3
Suppose -w = -36*j + 41*j + 375, -2*j + w - 157 = 0. Let u = 16 - j. What is the tens digit of u?
9
Let t(p) = -p + 4*p + 2 - 2*p. Suppose 19*c - 166 + 71 = 0. What is the units digit of t(c)?
7
Suppose -18*j = -15*j - 3*p - 32553, 21705 = 2*j - 3*p. What is the units digit of j?
8
Suppose -15*g - 10594 + 109759 = 0. What is the units digit of g?
1
What is the hundreds digit of 11108/22 + 141/1551?
5
Suppose -3*o + 7*o + 688 = 0. Suppose -268 = -4*a + 3*a - 4*n, 3*a + 4*n - 844 = 0. Let f = a + o. What is the tens digit of f?
1
Suppose 4 = -3*a + 4*w, -1 = 4*a + w - 2. Suppose -5*x + a*h = 3*h + 1020, -x = 5*h + 182. What is the units digit of x/(-11) + (35/11 - 3)?
9
Let k = 54 + -25. Suppose 2*z + k = 109. Let p = z - 36. What is the units digit of p?
4
Suppose 12*m = -4*m + 13474 + 155214. What is the units digit of m?
3
Suppose -4*g + 169*c - 166*c = -58421, 0 = 2*g - 3*c - 29221. What is the units digit of g?
0
Let a(w) = w**3 + 42*w**2 + 72*w + 39. What is the units digit of a(-30)?
9
Suppose -16*j + 38732 + 17956 = 0. What is the tens digit of j?
4
Let l be -1 - (-2)/(((-16)/1844)/(-2)). Suppose 0 = -38*n + 42*n + l. Let w = 258 + n. What is the tens digit of w?
4
Suppose -23*r + 12 = -17*r. Let s(w) = -2*w + w**r + 293 - 289 - 2*w. What is the tens digit of s(-8)?
0
Suppose -3*z + v = -0*v - 123, -49 = -z + 3*v. Suppose -z*x + 1924 = -36*x. What is the hundreds digit of x?
4
Suppose 4*y + 587 + 3157 = 0. Let a = y - -516. Let h = a - -591. What is the units digit of h?
1
Let q be (-3)/(-2) + 42/(-28). Suppose -4*u - 22 + 98 = q. What is the units digit of 6/7*1463/u?
6
Let m = 2781 - 1977. Suppose -2*n + m = -5*n. What is the units digit of (1/2)/((-2)/n)?
7
Let s(y) = y**2 + 12*y + 38. Let z be s(-7). Suppose 4*g + 12 = 0, -7*m = -3*m + z*g - 2419. What is the hundreds digit of m?
6
Let p = -9713 - -13739. What is the hundreds digit of p?
0
Let i be 3*(-52)/(-72) - 1/6. Suppose i*f - 308 = k, f - 161 = -4*k + k. What is the tens digit of f?
5
Suppose -15*i - 18*i + 36*i = 37734. What is the hundreds digit of i?
5
Let h = -12842 - -23511. What is the thousands digit of h?
0
Let j(r) = -r**3 - r**2 + 4*r + 10. Let x be j(-4). Let c = x - 40. Suppose 3*g + c*a - 12 = 91, 165 = 5*g + 5*a. What is the tens digit of g?
3
Suppose 4*n = -k + 88, -7*k + 4*k = -n + 22. Suppose -77 = -29*r + n*r. What is the tens digit of r?
1
Let c = 36999 - 24417. What is the tens digit of c?
8
Let m be (-10)/4*(1 + 1/5). Let j = 573 + m. What is the units digit of j?
0
What is the thousands digit of (7223/(-7) + -1)/((-208)/728)?
3
Let u(k) = k**3 + 37*k**2 + 36*k + 2. Let o be u(-36). Suppose -3*i - o*i = -5*w + 185, -i = 3*w - 127. What is the units digit of w?
1
Suppose -7*g = -g - 4278. Suppose g = d - 4*j, d = -j - 17 + 720. What is the units digit of d?
5
Suppose m + 1153*z = 1151*z + 35212, -3*z = -3*m + 105600. What is the tens digit of m?
0
Let d(u) = 25*u**2 - 16*u - 7*u - 3136 + 3018 + 3*u - 7*u. What is the hundreds digit of d(-6)?
9
Let d(g) = 416*g - 21. Let i be d(-5). What is the units digit of i/(-5) - (-11)/(-55)?
0
Suppose 5*l = 4*v + 1252 - 4657, -3370 = -4*v - 2*l. What is the tens digit of v?
4
Let n(a) = -6684*a - 178. What is the tens digit of n(-1)?
0
Let b(s) = -10646*s - 3587. What is the thousands digit of b(-3)?
8
Let h = -59 + 66. Let t = h + -5. What is the tens digit of (-1598)/51*((-2)/2 - t)?
9
Let z be (-20)/30*(4 - (-3 + 1)). Let w(u) = 3*u**3 + 3*u**2 - u - 2. Let y be w(2). What is the tens digit of (-4)/z + y - -5?
3
Suppose 0 = -11*w - 0*w + 22. Suppose 0 = -w*k - 5*g + 205, -355 = -4*k + 16*g - 15*g. What is the tens digit of k?
9
Suppose 4*s = 4*r + 17652, 99*r = 4*s + 94*r - 17647. What is the hundreds digit of s?
4
Suppose q - 13273 = n, -5*q - 5*n + 81678 - 15243 = 0. What is the tens digit of q?
8
Suppose -23*y - 44400 = -28*y - 5*b, 5*b - 26646 = -3*y. What is the thousands digit of y?
8
Let p = 1674 + 879. Suppose -p = 19*s - 22389. What is the tens digit of s?
4
Let a be ((-5)/(-1))/((-1)/(-5)). Suppose -2*m + a = -5*m - 5*z, 2*m - 5*z = 0. Let s = m + 91. What is the tens digit of s?
8
Suppose -335586 = -16*b - b - 16003. What is the ten thousands digit of b?
1
Suppose 14*k - 88 = 10*k. Suppose -7*h = 9*h + 16. What is the units digit of h - 4/(-5) - k/(-10)?
2
Let m be 3/(-5) + 174/15. Let f(n) = -22 - n**3 - m*n - 2*n + 9*n**2 + 16*n. What is the units digit of f(9)?
5
Let z(g) = -848*g**2 - 3*g + 855*g**2 + g - 10. What is the tens digit of z(-3)?
5
Let k = -164 + 132. Let w be (-6 + k/(-8))/(2/(-115)). Let l = w - 19. What is the units digit of l?
6
Let j(h) = h**2 - 306*h + 3357. What is the thousands digit of j(0)?
3
Suppose -3*p + 7*t = 3*t + 44, 0 = 4*p + 4*t + 40. Let l be 51/(-2 - p/4). Suppose 2*b + 2*c + 2*c = 102, 3*c = -b + l. What is the tens digit of b?
5
Let q = -37 + 39. Let h(f) = 5*f**3 - 3 + 0*f**3 - 4*f**3 - 3*f**3 + 2*f + 5*f**q. What is the units digit of h(-3)?
0
Suppose 20*l + 228 = 17*l. Let v be l/(-16) - (-3)/24*2. Suppose v*b - 11*b + 216 = 0. What is the units digit of b?
6
Let g(u) be the third derivative of u**6/120 - u**5/4 + 13*u**4/24 + 13*u**3/3 - 44*u**2. Let h be g(14). What is the tens digit of (-13)/(((-20)/h)/5)*5?
9
Let z = 83 - 80. Suppose 0 = 23*q - z*q - 14340. What is the hundreds digit of q?
7
Let p(o) = o**3 + 4*o**2 - 5*o + 4. Let u be p(2). Let z be (1 - 3)*(-19 + u). Suppose -5*b + 530 = -5*x, -3*b - z*x + 163 = -180. What is the tens digit of b?
1
Suppose -5*k + 118 = 8. Let d(a) = -8 - 3 - 58*a - 9 + k. What is the units digit of d(-1)?
0
Let f(o) = -25*o**2 + 41*o - 9. Let i(w) = 17*w**2 - 27*w + 6. Let t(z) = -5*f(z) - 7*i(z). What is the tens digit of t(10)?
4
What is the units digit of 870/261*88248/20?
8
Suppose -38368 = 9*z - 271257 - 17725. What is the units digit of z?
6
Suppose 0 = -d - d + 1596. Suppose 48*q + d = 51*q. What is the tens digit of q?
6
What is the thousands digit of (66720/(-84) + 4)/(4/(-14))?
2
Suppose -116 = -3*l + u, 140 = 3*l + 3*u + 2*u. Let z = -27 + l. Let f(w) = -w**2 + 19*w - 1. What is the units digit of f(z)?
7
Suppose -5*w + m = -139655, m + 45679 = 3*w - 38112. What is the thousands digit of w?
7
Suppose 3*a = -3*a + 18. Let d be -2 + a + -40 + 3. Let b = d - -57. What is the units digit of b?
1
What is the thousands digit of -6 + 2700/(-18)*-86?
2
Suppose -5*p + 4*q + 20 = 0, -4*p + 7*q - 4*q = -16. What is the units digit of 27332/20 + (-126)/35 + p?
7
Suppose 124*j = 26*j + 607200 + 1451192. What is the units digit of j?
4
What is the ten thousands digit of -36556*((-8 - (-16 - (-1 - 7))) + -2)?
7
Suppose 5*f - 55 = 3*l + 55, 3*l + 88 = 4*f. Suppose -i + 2*r + 2 + 7 = 0, 5*i - 4*r - 33 = 0. Suppose -x + d = i*d - f, 7 = x - d. What is the tens digit of x?
1
Let z be 635 - (-1 + (-1 - 0) + 2). Suppose -9*a = -z + 221. What is the units digit of a?
6
Let j = 143 + -143. Suppose -4*k - i = -3575, k - i - 2*i - 910 = j. What is the hundreds digit of k?
8
Let v = -2235 - -6217. What is the hundreds digit of v?
9
Let n = 2 + 6. Let g = 12 - n. Suppose -3*r + 24 = 5*w, 3*r = 